{"id":5809,"date":"2019-10-22T13:07:16","date_gmt":"2019-10-22T11:07:16","guid":{"rendered":"https:\/\/blogs.comillas.edu\/informeespana\/?page_id=5809"},"modified":"2019-11-18T13:45:44","modified_gmt":"2019-11-18T12:45:44","slug":"informe-espana-2019","status":"publish","type":"page","link":"https:\/\/blogs.comillas.edu\/informeespana\/informe-espana-2019\/","title":{"rendered":"Informe Espa\u00f1a 2019"},"content":{"rendered":"\n<ul class=\"wp-block-list\"><li><a href=\"https:\/\/blogs.comillas.edu\/informeespana\/wp-content\/uploads\/sites\/93\/2019\/10\/Informe-2019-completo-edici\u00f3n-web.pdf\">Informe completo<\/a><\/li><li><a rel=\"noreferrer noopener\" aria-label=\"Consideraciones Generales: Actitudes frente a la globalizaci\u00f3n y el populismo en Espa\u00f1a (abre en una nueva pesta\u00f1a)\" href=\"https:\/\/blogs.comillas.edu\/informeespana\/wp-content\/uploads\/sites\/93\/2019\/10\/IE2019ConGen.pdf\" target=\"_blank\">Consideraciones Generales: Actitudes frente a la globalizaci\u00f3n y el populismo en Espa\u00f1a<\/a><\/li><li><a rel=\"noreferrer noopener\" aria-label=\"Parte Segunda: Una radiograf\u00eda del acoso sexual en Espa\u00f1a (abre en una nueva pesta\u00f1a)\" href=\"https:\/\/blogs.comillas.edu\/informeespana\/wp-content\/uploads\/sites\/93\/2019\/10\/IE2019Parte-2\u00aa.pdf\" target=\"_blank\">Parte Segunda: Una radiograf\u00eda del acoso sexual en Espa\u00f1a<\/a><\/li><li><a rel=\"noreferrer noopener\" aria-label=\"Cap\u00edtulo 1: La Universidad espa\u00f1ola. Evoluci\u00f3n y retos ante una nueva sociedad y econom\u00eda (abre en una nueva pesta\u00f1a)\" href=\"https:\/\/blogs.comillas.edu\/informeespana\/wp-content\/uploads\/sites\/93\/2019\/10\/IE2019Cap1.pdf\" target=\"_blank\">Cap\u00edtulo 1: La Universidad espa\u00f1ola. Evoluci\u00f3n y retos ante una nueva sociedad y econom\u00eda<\/a> <a rel=\"noreferrer noopener\" href=\"https:\/\/blogs.comillas.edu\/informeespana\/wp-content\/uploads\/sites\/93\/2019\/05\/IE2018Cap1.pdf\" target=\"_blank\">         <\/a>     <\/li><li><a rel=\"noreferrer noopener\" aria-label=\"Cap\u00edtulo 2: De morirse de viejo a morirse viejo:&nbsp; tendencias de la mortalidad de la poblaci\u00f3n de edades avanzadas en Espa\u00f1a (abre en una nueva pesta\u00f1a)\" href=\"https:\/\/blogs.comillas.edu\/informeespana\/wp-content\/uploads\/sites\/93\/2019\/10\/IE2019Cap2.pdf\" target=\"_blank\">Cap\u00edtulo 2: De morirse de viejo a morirse viejo:&nbsp; tendencias de la mortalidad de la poblaci\u00f3n de edades avanzadas en Espa\u00f1a<\/a> <a rel=\"noreferrer noopener\" href=\"https:\/\/blogs.comillas.edu\/informeespana\/wp-content\/uploads\/sites\/93\/2019\/05\/IE2018Cap2.pdf\" target=\"_blank\">         <\/a>     <\/li><li><a rel=\"noreferrer noopener\" aria-label=\"Cap\u00edtulo 3: La pobreza energ\u00e9tica en Espa\u00f1a (abre en una nueva pesta\u00f1a)\" href=\"https:\/\/blogs.comillas.edu\/informeespana\/wp-content\/uploads\/sites\/93\/2019\/10\/IE2019Cap3.pdf\" target=\"_blank\">Cap\u00edtulo 3: La pobreza energ\u00e9tica en Espa\u00f1a<\/a> <\/li><li><a rel=\"noreferrer noopener\" aria-label=\"Cap\u00edtulo 4: Las ciudades en Espa\u00f1a y el impacto de la globalizaci\u00f3n sobre los sistemas urbanos  (abre en una nueva pesta\u00f1a)\" href=\"https:\/\/blogs.comillas.edu\/informeespana\/wp-content\/uploads\/sites\/93\/2019\/10\/IE2019Cap4.pdf\" target=\"_blank\">Cap\u00edtulo 4: Las ciudades en Espa\u00f1a y el impacto de la globalizaci\u00f3n sobre los sistemas urbanos <\/a><\/li><li><a rel=\"noreferrer noopener\" aria-label=\"Cap\u00edtulo 5: Los retos de la digitalizaci\u00f3n en la industria espa\u00f1ola (abre en una nueva pesta\u00f1a)\" href=\"https:\/\/blogs.comillas.edu\/informeespana\/wp-content\/uploads\/sites\/93\/2019\/10\/IE2019Cap5.pdf\" target=\"_blank\">Cap\u00edtulo 5: Los retos de la digitalizaci\u00f3n en la industria espa\u00f1ola<\/a><\/li><\/ul>\n\n\n\n<p><\/p>\n","protected":false},"excerpt":{"rendered":"<p>Informe completo Consideraciones Generales: Actitudes frente a la globalizaci\u00f3n y el populismo en Espa\u00f1a Parte Segunda: Una radiograf\u00eda del acoso sexual en Espa\u00f1a Cap\u00edtulo 1: La Universidad espa\u00f1ola. Evoluci\u00f3n y retos ante una nueva sociedad y econom\u00eda Cap\u00edtulo 2: De morirse de viejo a morirse viejo:&nbsp; tendencias de la mortalidad de la poblaci\u00f3n de edades &#8230; <a title=\"Informe Espa\u00f1a 2019\" class=\"read-more\" href=\"https:\/\/blogs.comillas.edu\/informeespana\/informe-espana-2019\/\" aria-label=\"Leer m\u00e1s sobre Informe Espa\u00f1a 2019\">Leer m\u00e1s <\/a><\/p>\n","protected":false},"author":474,"featured_media":0,"parent":0,"menu_order":0,"comment_status":"closed","ping_status":"closed","template":"","meta":{"footnotes":""},"class_list":["post-5809","page","type-page","status-publish"],"_links":{"self":[{"href":"https:\/\/blogs.comillas.edu\/informeespana\/wp-json\/wp\/v2\/pages\/5809","targetHints":{"allow":["GET"]}}],"collection":[{"href":"https:\/\/blogs.comillas.edu\/informeespana\/wp-json\/wp\/v2\/pages"}],"about":[{"href":"https:\/\/blogs.comillas.edu\/informeespana\/wp-json\/wp\/v2\/types\/page"}],"author":[{"embeddable":true,"href":"https:\/\/blogs.comillas.edu\/informeespana\/wp-json\/wp\/v2\/users\/474"}],"replies":[{"embeddable":true,"href":"https:\/\/blogs.comillas.edu\/informeespana\/wp-json\/wp\/v2\/comments?post=5809"}],"version-history":[{"count":2,"href":"https:\/\/blogs.comillas.edu\/informeespana\/wp-json\/wp\/v2\/pages\/5809\/revisions"}],"predecessor-version":[{"id":6142,"href":"https:\/\/blogs.comillas.edu\/informeespana\/wp-json\/wp\/v2\/pages\/5809\/revisions\/6142"}],"wp:attachment":[{"href":"https:\/\/blogs.comillas.edu\/informeespana\/wp-json\/wp\/v2\/media?parent=5809"}],"curies":[{"name":"wp","href":"https:\/\/api.w.org\/{rel}","templated":true}]}}