{"id":3918,"date":"2019-05-08T13:32:50","date_gmt":"2019-05-08T11:32:50","guid":{"rendered":"https:\/\/blogs.comillas.edu\/informeespana\/?page_id=3918"},"modified":"2019-05-08T14:01:55","modified_gmt":"2019-05-08T12:01:55","slug":"informe-espana-2004","status":"publish","type":"page","link":"https:\/\/blogs.comillas.edu\/informeespana\/informe-espana-2004\/","title":{"rendered":"Informe Espa\u00f1a 2004"},"content":{"rendered":"\n<ul class=\"wp-block-list\"><li><a rel=\"noreferrer noopener\" aria-label=\" (abre en una nueva pesta\u00f1a)\" href=\"https:\/\/blogs.comillas.edu\/informeespana\/wp-content\/uploads\/sites\/93\/2019\/05\/Informe-Espa\u00f1a-2004-completo.pdf\" target=\"_blank\">Informe completo<\/a><\/li><li><a href=\"https:\/\/blogs.comillas.edu\/informeespana\/wp-content\/uploads\/sites\/93\/2019\/05\/IE2004ConGen.pdf\">Consideraciones Generales<\/a><\/li><li><a rel=\"noreferrer noopener\" aria-label=\" (abre en una nueva pesta\u00f1a)\" href=\"https:\/\/blogs.comillas.edu\/informeespana\/wp-content\/uploads\/sites\/93\/2019\/05\/IE2004Parte-2\u00aa.pdf\" target=\"_blank\">Parte Segunda: La Sociedad Espa\u00f1ola de 2004<\/a>     <\/li><li><a rel=\"noreferrer noopener\" aria-label=\" (abre en una nueva pesta\u00f1a)\" href=\"https:\/\/blogs.comillas.edu\/informeespana\/wp-content\/uploads\/sites\/93\/2019\/05\/IE2004Cap1.pdf\" target=\"_blank\">Cap\u00edtulo 1: Nuevas perspectivas de la empresa espa\u00f1ola    <\/a>   <\/li><li><a rel=\"noreferrer noopener\" aria-label=\" (abre en una nueva pesta\u00f1a)\" href=\"https:\/\/blogs.comillas.edu\/informeespana\/wp-content\/uploads\/sites\/93\/2019\/05\/IE2004Cap2.pdf\" target=\"_blank\">Cap\u00edtulo 2: En el largo camino hacia la sociedad de la informaci\u00f3n   <\/a>     <\/li><li><a rel=\"noreferrer noopener\" aria-label=\" (abre en una nueva pesta\u00f1a)\" href=\"https:\/\/blogs.comillas.edu\/informeespana\/wp-content\/uploads\/sites\/93\/2019\/05\/IE2004Cap3.pdf\" target=\"_blank\">Cap\u00edtulo 3: Cambios en la Formaci\u00f3n Profesional Reglada      <\/a><\/li><li><a rel=\"noreferrer noopener\" aria-label=\" (abre en una nueva pesta\u00f1a)\" href=\"https:\/\/blogs.comillas.edu\/informeespana\/wp-content\/uploads\/sites\/93\/2019\/05\/IE2004Cap4.pdf\" target=\"_blank\">Cap\u00edtulo 4: Los desaf\u00edos de la conciliaci\u00f3n de la vida familiar y la vida laboral   <\/a> <\/li><li><a href=\"https:\/\/blogs.comillas.edu\/informeespana\/wp-content\/uploads\/sites\/93\/2019\/05\/IE2004Cap5.pdf\" target=\"_blank\" rel=\"noreferrer noopener\" aria-label=\" (abre en una nueva pesta\u00f1a)\">Cap\u00edtulo 5: Un nuevo discurso estrat\u00e9gico en las ciudades <\/a><\/li><\/ul>\n","protected":false},"excerpt":{"rendered":"<p>Informe completo Consideraciones Generales Parte Segunda: La Sociedad Espa\u00f1ola de 2004 Cap\u00edtulo 1: Nuevas perspectivas de la empresa espa\u00f1ola Cap\u00edtulo 2: En el largo camino hacia la sociedad de la informaci\u00f3n Cap\u00edtulo 3: Cambios en la Formaci\u00f3n Profesional Reglada Cap\u00edtulo 4: Los desaf\u00edos de la conciliaci\u00f3n de la vida familiar y la vida laboral Cap\u00edtulo &#8230; <a title=\"Informe Espa\u00f1a 2004\" class=\"read-more\" href=\"https:\/\/blogs.comillas.edu\/informeespana\/informe-espana-2004\/\" aria-label=\"Leer m\u00e1s sobre Informe Espa\u00f1a 2004\">Leer m\u00e1s <\/a><\/p>\n","protected":false},"author":201,"featured_media":0,"parent":0,"menu_order":0,"comment_status":"closed","ping_status":"closed","template":"","meta":{"footnotes":""},"class_list":["post-3918","page","type-page","status-publish"],"_links":{"self":[{"href":"https:\/\/blogs.comillas.edu\/informeespana\/wp-json\/wp\/v2\/pages\/3918","targetHints":{"allow":["GET"]}}],"collection":[{"href":"https:\/\/blogs.comillas.edu\/informeespana\/wp-json\/wp\/v2\/pages"}],"about":[{"href":"https:\/\/blogs.comillas.edu\/informeespana\/wp-json\/wp\/v2\/types\/page"}],"author":[{"embeddable":true,"href":"https:\/\/blogs.comillas.edu\/informeespana\/wp-json\/wp\/v2\/users\/201"}],"replies":[{"embeddable":true,"href":"https:\/\/blogs.comillas.edu\/informeespana\/wp-json\/wp\/v2\/comments?post=3918"}],"version-history":[{"count":2,"href":"https:\/\/blogs.comillas.edu\/informeespana\/wp-json\/wp\/v2\/pages\/3918\/revisions"}],"predecessor-version":[{"id":3981,"href":"https:\/\/blogs.comillas.edu\/informeespana\/wp-json\/wp\/v2\/pages\/3918\/revisions\/3981"}],"wp:attachment":[{"href":"https:\/\/blogs.comillas.edu\/informeespana\/wp-json\/wp\/v2\/media?parent=3918"}],"curies":[{"name":"wp","href":"https:\/\/api.w.org\/{rel}","templated":true}]}}