{"id":3903,"date":"2019-05-08T13:29:10","date_gmt":"2019-05-08T11:29:10","guid":{"rendered":"https:\/\/blogs.comillas.edu\/informeespana\/?page_id=3903"},"modified":"2019-05-08T15:42:35","modified_gmt":"2019-05-08T13:42:35","slug":"informe-espana-2006","status":"publish","type":"page","link":"https:\/\/blogs.comillas.edu\/informeespana\/informe-espana-2006\/","title":{"rendered":"Informe Espa\u00f1a 2006"},"content":{"rendered":"\n<ul class=\"wp-block-list\"><li><a rel=\"noreferrer noopener\" aria-label=\" (abre en una nueva pesta\u00f1a)\" href=\"https:\/\/blogs.comillas.edu\/informeespana\/wp-content\/uploads\/sites\/93\/2019\/05\/Informe-Espa\u00f1a-2006-completo.pdf\" target=\"_blank\">Informe completo<\/a><\/li><li><a rel=\"noreferrer noopener\" aria-label=\" (abre en una nueva pesta\u00f1a)\" href=\"https:\/\/blogs.comillas.edu\/informeespana\/wp-content\/uploads\/sites\/93\/2019\/05\/IE2006ConGen.pdf\" target=\"_blank\">Consideraciones Generales<\/a><\/li><li><a rel=\"noreferrer noopener\" aria-label=\" (abre en una nueva pesta\u00f1a)\" href=\"https:\/\/blogs.comillas.edu\/informeespana\/wp-content\/uploads\/sites\/93\/2019\/05\/IE2006Parte-2\u00aa.pdf\" target=\"_blank\">Parte Segunda: La Sociedad Espa\u00f1ola de 2006: Pol\u00edticas de tiempo y ciudad <\/a>   <\/li><li><a rel=\"noreferrer noopener\" aria-label=\" (abre en una nueva pesta\u00f1a)\" href=\"https:\/\/blogs.comillas.edu\/informeespana\/wp-content\/uploads\/sites\/93\/2019\/05\/IE2006Cap1.pdf\" target=\"_blank\">Cap\u00edtulo 1: Colaboraci\u00f3n entre empresas y ONGs: Hacia una sociedad mejor estructurada <\/a>    <\/li><li><a rel=\"noreferrer noopener\" aria-label=\" (abre en una nueva pesta\u00f1a)\" href=\"https:\/\/blogs.comillas.edu\/informeespana\/wp-content\/uploads\/sites\/93\/2019\/05\/IE2006Cap2.pdf\" target=\"_blank\">Cap\u00edtulo 2: Las mujeres espa\u00f1olas en los puestos directivos     <\/a>  <\/li><li><a rel=\"noreferrer noopener\" aria-label=\" (abre en una nueva pesta\u00f1a)\" href=\"https:\/\/blogs.comillas.edu\/informeespana\/wp-content\/uploads\/sites\/93\/2019\/05\/IE2006Cap3.pdf\" target=\"_blank\">Cap\u00edtulo 3: La educaci\u00f3n infantil: Derecho universal y responsabilidad familiar<\/a>    <\/li><li><a rel=\"noreferrer noopener\" aria-label=\" (abre en una nueva pesta\u00f1a)\" href=\"https:\/\/blogs.comillas.edu\/informeespana\/wp-content\/uploads\/sites\/93\/2019\/05\/IE2006Cap4.pdf\" target=\"_blank\">Cap\u00edtulo 4: Inmigraci\u00f3n y mercado de trabajo <\/a>    <\/li><li><a href=\"https:\/\/blogs.comillas.edu\/informeespana\/wp-content\/uploads\/sites\/93\/2019\/05\/IE2006Cap5.pdf\" target=\"_blank\" rel=\"noreferrer noopener\" aria-label=\" (abre en una nueva pesta\u00f1a)\">Cap\u00edtulo 5: Mayores y familia en la sociedad actual  <\/a><\/li><\/ul>\n","protected":false},"excerpt":{"rendered":"<p>Informe completo Consideraciones Generales Parte Segunda: La Sociedad Espa\u00f1ola de 2006: Pol\u00edticas de tiempo y ciudad Cap\u00edtulo 1: Colaboraci\u00f3n entre empresas y ONGs: Hacia una sociedad mejor estructurada Cap\u00edtulo 2: Las mujeres espa\u00f1olas en los puestos directivos Cap\u00edtulo 3: La educaci\u00f3n infantil: Derecho universal y responsabilidad familiar Cap\u00edtulo 4: Inmigraci\u00f3n y mercado de trabajo Cap\u00edtulo &#8230; <a title=\"Informe Espa\u00f1a 2006\" class=\"read-more\" href=\"https:\/\/blogs.comillas.edu\/informeespana\/informe-espana-2006\/\" aria-label=\"Leer m\u00e1s sobre Informe Espa\u00f1a 2006\">Leer m\u00e1s <\/a><\/p>\n","protected":false},"author":201,"featured_media":0,"parent":0,"menu_order":0,"comment_status":"closed","ping_status":"closed","template":"","meta":{"footnotes":""},"class_list":["post-3903","page","type-page","status-publish"],"_links":{"self":[{"href":"https:\/\/blogs.comillas.edu\/informeespana\/wp-json\/wp\/v2\/pages\/3903","targetHints":{"allow":["GET"]}}],"collection":[{"href":"https:\/\/blogs.comillas.edu\/informeespana\/wp-json\/wp\/v2\/pages"}],"about":[{"href":"https:\/\/blogs.comillas.edu\/informeespana\/wp-json\/wp\/v2\/types\/page"}],"author":[{"embeddable":true,"href":"https:\/\/blogs.comillas.edu\/informeespana\/wp-json\/wp\/v2\/users\/201"}],"replies":[{"embeddable":true,"href":"https:\/\/blogs.comillas.edu\/informeespana\/wp-json\/wp\/v2\/comments?post=3903"}],"version-history":[{"count":3,"href":"https:\/\/blogs.comillas.edu\/informeespana\/wp-json\/wp\/v2\/pages\/3903\/revisions"}],"predecessor-version":[{"id":4005,"href":"https:\/\/blogs.comillas.edu\/informeespana\/wp-json\/wp\/v2\/pages\/3903\/revisions\/4005"}],"wp:attachment":[{"href":"https:\/\/blogs.comillas.edu\/informeespana\/wp-json\/wp\/v2\/media?parent=3903"}],"curies":[{"name":"wp","href":"https:\/\/api.w.org\/{rel}","templated":true}]}}

Informe España 2006

<ul class="wp-block-list"><li><a rel="noreferrer noopener" aria-label=" (abre en una nueva pestaña)" href="https://blogs.comillas.edu/informeespana/wp-content/uploads/sites/93/2019/05/Informe-España-2006-completo.pdf" target="_blank">Informe completo</a></li><li><a rel="noreferrer noopener" aria-label=" (abre en una nueva pestaña)" href="https://blogs.comillas.edu/informeespana/wp-content/uploads/sites/93/2019/05/IE2006ConGen.pdf" target="_blank">Consideraciones Generales</a></li><li><a rel="noreferrer noopener" aria-label=" (abre en una nueva pestaña)" href="https://blogs.comillas.edu/informeespana/wp-content/uploads/sites/93/2019/05/IE2006Parte-2ª.pdf" target="_blank">Parte Segunda: La Sociedad Española de 2006: Políticas de tiempo y ciudad </a>   </li><li><a rel="noreferrer noopener" aria-label=" (abre en una nueva pestaña)" href="https://blogs.comillas.edu/informeespana/wp-content/uploads/sites/93/2019/05/IE2006Cap1.pdf" target="_blank">Capítulo 1: Colaboración entre empresas y ONGs: Hacia una sociedad mejor estructurada </a>    </li><li><a rel="noreferrer noopener" aria-label=" (abre en una nueva pestaña)" href="https://blogs.comillas.edu/informeespana/wp-content/uploads/sites/93/2019/05/IE2006Cap2.pdf" target="_blank">Capítulo 2: Las mujeres españolas en los puestos directivos     </a>  </li><li><a rel="noreferrer noopener" aria-label=" (abre en una nueva pestaña)" href="https://blogs.comillas.edu/informeespana/wp-content/uploads/sites/93/2019/05/IE2006Cap3.pdf" target="_blank">Capítulo 3: La educación infantil: Derecho universal y responsabilidad familiar</a>    </li><li><a rel="noreferrer noopener" aria-label=" (abre en una nueva pestaña)" href="https://blogs.comillas.edu/informeespana/wp-content/uploads/sites/93/2019/05/IE2006Cap4.pdf" target="_blank">Capítulo 4: Inmigración y mercado de trabajo </a>    </li><li><a href="https://blogs.comillas.edu/informeespana/wp-content/uploads/sites/93/2019/05/IE2006Cap5.pdf" target="_blank" rel="noreferrer noopener" aria-label=" (abre en una nueva pestaña)">Capítulo 5: Mayores y familia en la sociedad actual  </a></li></ul>

<p>Informe completo Consideraciones Generales Parte Segunda: La Sociedad Española de 2006: Políticas de tiempo y ciudad Capítulo 1: Colaboración entre empresas y ONGs: Hacia una sociedad mejor estructurada Capítulo 2: Las mujeres españolas en los puestos directivos Capítulo 3: La educación infantil: Derecho universal y responsabilidad familiar Capítulo 4: Inmigración y mercado de trabajo Capítulo &#8230; <a title="Informe España 2006" class="read-more" href="https://blogs.comillas.edu/informeespana/informe-espana-2006/" aria-label="Leer más sobre Informe España 2006">Leer más </a></p>
