{"id":3099,"date":"2019-05-08T12:16:59","date_gmt":"2019-05-08T10:16:59","guid":{"rendered":"https:\/\/blogs.comillas.edu\/informeespana\/?page_id=3099"},"modified":"2019-05-08T13:16:38","modified_gmt":"2019-05-08T11:16:38","slug":"informe-espana-1993","status":"publish","type":"page","link":"https:\/\/blogs.comillas.edu\/informeespana\/informe-espana-1993\/","title":{"rendered":"Informe Espa\u00f1a 1993"},"content":{"rendered":"\n<ul class=\"wp-block-list\"><li><a href=\"https:\/\/blogs.comillas.edu\/informeespana\/wp-content\/uploads\/sites\/93\/2019\/05\/Informe-Espa\u00f1a-1993-completo.pdf\">Informe completo<\/a><\/li><li><a href=\"https:\/\/blogs.comillas.edu\/informeespana\/wp-content\/uploads\/sites\/93\/2019\/05\/IE93ConGen.pdf\">Consideraciones Generales<\/a> <\/li><li><a href=\"https:\/\/blogs.comillas.edu\/informeespana\/wp-content\/uploads\/sites\/93\/2019\/05\/IE93Parte-2\u00aa.pdf\">Parte Segunda: La Sociedad Espa\u00f1ola de 1993<\/a> <\/li><li><a href=\"https:\/\/blogs.comillas.edu\/informeespana\/wp-content\/uploads\/sites\/93\/2019\/05\/IE93cap1.pdf\">Cap\u00edtulo 1: El origen de la crisis econ\u00f3mica <\/a><\/li><li><a href=\"https:\/\/blogs.comillas.edu\/informeespana\/wp-content\/uploads\/sites\/93\/2019\/05\/IE93cap2.pdf\">Cap\u00edtulo 2: La reforma de las relaciones laborales en Espa\u00f1a <\/a><\/li><li><a href=\"https:\/\/blogs.comillas.edu\/informeespana\/wp-content\/uploads\/sites\/93\/2019\/05\/IE93cap3.pdf\">Cap\u00edtulo 3: El papel del sector p\u00fablico en la econom\u00eda espa\u00f1ola<\/a><\/li><li><a href=\"https:\/\/blogs.comillas.edu\/informeespana\/wp-content\/uploads\/sites\/93\/2019\/05\/IE93cap4.pdf\">Cap\u00edtulo 4: Crisis del Estado de Bienestar<\/a><\/li><li><a href=\"https:\/\/blogs.comillas.edu\/informeespana\/wp-content\/uploads\/sites\/93\/2019\/05\/IE93cap5.pdf\">Cap\u00edtulo 5: Reformas educativas en la ense\u00f1anza no universitaria<\/a><\/li><li><a href=\"https:\/\/blogs.comillas.edu\/informeespana\/wp-content\/uploads\/sites\/93\/2019\/05\/IE93cap6.pdf\">Cap\u00edtulo 6: La Formaci\u00f3n Profesional reglada y ocupacional: El reto ante el mundo del trabajo<\/a><\/li><li><a href=\"https:\/\/blogs.comillas.edu\/informeespana\/wp-content\/uploads\/sites\/93\/2019\/05\/IE93cap7.pdf\">Cap\u00edtulo 7: Salud y Sistema Sanitario<\/a><\/li><li><a href=\"https:\/\/blogs.comillas.edu\/informeespana\/wp-content\/uploads\/sites\/93\/2019\/05\/IE93cap8.pdf\">Cap\u00edtulo 8: La protecci\u00f3n social a la infancia<\/a><\/li><li><a href=\"https:\/\/blogs.comillas.edu\/informeespana\/wp-content\/uploads\/sites\/93\/2019\/05\/IE93cap9.pdf\">Cap\u00edtulo 9: Los problemas de la vejez<\/a><\/li><li><a href=\"https:\/\/blogs.comillas.edu\/informeespana\/wp-content\/uploads\/sites\/93\/2019\/05\/IE93cap10.pdf\">Cap\u00edtulo 10: La distribuci\u00f3n territorial del poder pol\u00edtico como forma de integraci\u00f3n y democratizaci\u00f3n del Estado <\/a><\/li><\/ul>\n\n\n\n<p><\/p>\n","protected":false},"excerpt":{"rendered":"<p>Informe completo Consideraciones Generales Parte Segunda: La Sociedad Espa\u00f1ola de 1993 Cap\u00edtulo 1: El origen de la crisis econ\u00f3mica Cap\u00edtulo 2: La reforma de las relaciones laborales en Espa\u00f1a Cap\u00edtulo 3: El papel del sector p\u00fablico en la econom\u00eda espa\u00f1ola Cap\u00edtulo 4: Crisis del Estado de Bienestar Cap\u00edtulo 5: Reformas educativas en la ense\u00f1anza no &#8230; <a title=\"Informe Espa\u00f1a 1993\" class=\"read-more\" href=\"https:\/\/blogs.comillas.edu\/informeespana\/informe-espana-1993\/\" aria-label=\"Leer m\u00e1s sobre Informe Espa\u00f1a 1993\">Leer m\u00e1s <\/a><\/p>\n","protected":false},"author":474,"featured_media":0,"parent":0,"menu_order":0,"comment_status":"closed","ping_status":"closed","template":"","meta":{"footnotes":""},"class_list":["post-3099","page","type-page","status-publish"],"_links":{"self":[{"href":"https:\/\/blogs.comillas.edu\/informeespana\/wp-json\/wp\/v2\/pages\/3099","targetHints":{"allow":["GET"]}}],"collection":[{"href":"https:\/\/blogs.comillas.edu\/informeespana\/wp-json\/wp\/v2\/pages"}],"about":[{"href":"https:\/\/blogs.comillas.edu\/informeespana\/wp-json\/wp\/v2\/types\/page"}],"author":[{"embeddable":true,"href":"https:\/\/blogs.comillas.edu\/informeespana\/wp-json\/wp\/v2\/users\/474"}],"replies":[{"embeddable":true,"href":"https:\/\/blogs.comillas.edu\/informeespana\/wp-json\/wp\/v2\/comments?post=3099"}],"version-history":[{"count":5,"href":"https:\/\/blogs.comillas.edu\/informeespana\/wp-json\/wp\/v2\/pages\/3099\/revisions"}],"predecessor-version":[{"id":3864,"href":"https:\/\/blogs.comillas.edu\/informeespana\/wp-json\/wp\/v2\/pages\/3099\/revisions\/3864"}],"wp:attachment":[{"href":"https:\/\/blogs.comillas.edu\/informeespana\/wp-json\/wp\/v2\/media?parent=3099"}],"curies":[{"name":"wp","href":"https:\/\/api.w.org\/{rel}","templated":true}]}}