{"id":1783,"date":"2017-06-28T07:00:39","date_gmt":"2017-06-28T05:00:39","guid":{"rendered":"http:\/\/blogs.comillas.edu\/FronterasCTR\/?page_id=1783"},"modified":"2023-01-12T13:57:43","modified_gmt":"2023-01-12T12:57:43","slug":"docencia-fisica-espiritualidad","status":"publish","type":"page","link":"https:\/\/blogs.comillas.edu\/FronterasCTR\/?page_id=1783","title":{"rendered":"Raz\u00f3n y fe"},"content":{"rendered":"<p>La revista <a href=\"https:\/\/revistas.comillas.edu\/index.php\/razonyfe\/index\"><strong><em>Raz\u00f3n y fe<\/em><\/strong><\/a> forma parte de la\u00a0<a href=\"https:\/\/www.comillas.edu\/catedra-hana-francisco-jose-ayala-ctr\">C\u00e1tedra CTR<\/a>, es una revista acad\u00e9mica, revisada por pares ciegos, y especializada en el di\u00e1logo ciencia-religi\u00f3n. Puedes seguir sus actualizaciones en su cuenta de Twitter: <a href=\"https:\/\/twitter.com\/RazonFe\">@RazonFe<\/a><\/p>\n<p>.<\/p>\n<p>Si est\u00e1s interesado\/a en publicar un art\u00edculo acad\u00e9mico en Raz\u00f3n y Fe, no dudes en consultar las <a href=\"https:\/\/revistas.comillas.edu\/index.php\/razonyfe\/about\/submissions\">indicaciones para autores<\/a><\/p>\n<p>&nbsp;<\/p>\n","protected":false},"excerpt":{"rendered":"<p>La revista Raz\u00f3n y fe forma parte de la\u00a0C\u00e1tedra CTR, es una revista acad\u00e9mica, revisada por pares ciegos, y especializada en el di\u00e1logo ciencia-religi\u00f3n. Puedes seguir sus actualizaciones en su cuenta de Twitter: @RazonFe . Si est\u00e1s interesado\/a en publicar un art\u00edculo acad\u00e9mico en Raz\u00f3n y Fe, no dudes en consultar las indicaciones para autores &#8230; <a title=\"Raz\u00f3n y fe\" class=\"read-more\" href=\"https:\/\/blogs.comillas.edu\/FronterasCTR\/?page_id=1783\" aria-label=\"Leer m\u00e1s sobre Raz\u00f3n y fe\">Leer m\u00e1s<\/a><\/p>\n","protected":false},"author":263,"featured_media":0,"parent":0,"menu_order":0,"comment_status":"closed","ping_status":"closed","template":"","meta":{"generate_page_header":"","footnotes":""},"class_list":["post-1783","page","type-page","status-publish"],"_links":{"self":[{"href":"https:\/\/blogs.comillas.edu\/FronterasCTR\/index.php?rest_route=\/wp\/v2\/pages\/1783","targetHints":{"allow":["GET"]}}],"collection":[{"href":"https:\/\/blogs.comillas.edu\/FronterasCTR\/index.php?rest_route=\/wp\/v2\/pages"}],"about":[{"href":"https:\/\/blogs.comillas.edu\/FronterasCTR\/index.php?rest_route=\/wp\/v2\/types\/page"}],"author":[{"embeddable":true,"href":"https:\/\/blogs.comillas.edu\/FronterasCTR\/index.php?rest_route=\/wp\/v2\/users\/263"}],"replies":[{"embeddable":true,"href":"https:\/\/blogs.comillas.edu\/FronterasCTR\/index.php?rest_route=%2Fwp%2Fv2%2Fcomments&post=1783"}],"version-history":[{"count":5,"href":"https:\/\/blogs.comillas.edu\/FronterasCTR\/index.php?rest_route=\/wp\/v2\/pages\/1783\/revisions"}],"predecessor-version":[{"id":7383,"href":"https:\/\/blogs.comillas.edu\/FronterasCTR\/index.php?rest_route=\/wp\/v2\/pages\/1783\/revisions\/7383"}],"wp:attachment":[{"href":"https:\/\/blogs.comillas.edu\/FronterasCTR\/index.php?rest_route=%2Fwp%2Fv2%2Fmedia&parent=1783"}],"curies":[{"name":"wp","href":"https:\/\/api.w.org\/{rel}","templated":true}]}}